{"id":14,"date":"2019-09-09T12:18:21","date_gmt":"2019-09-09T15:18:21","guid":{"rendered":"http:\/\/nipponautocenter.com.br\/?page_id=14"},"modified":"2019-10-16T17:13:43","modified_gmt":"2019-10-16T20:13:43","slug":"contato","status":"publish","type":"page","link":"https:\/\/nipponautocenter.com.br\/index.php\/contato\/","title":{"rendered":"Contato"},"content":{"rendered":"\n<div class=\"wp-block-columns has-2-columns is-layout-flex wp-container-core-columns-is-layout-9d6595d7 wp-block-columns-is-layout-flex\">\n<div class=\"wp-block-column is-layout-flow wp-block-column-is-layout-flow\">\n<p>Ligue para:  <strong>(11) 4067-7862 \/ (11) 94528-7767<\/strong><\/p>\n\n\n\n<h4 class=\"wp-block-heading\">  <a rel=\"noreferrer noopener\" aria-label=\"\ufffc(11) 94528-7767 (abre numa nova aba)\" href=\"https:\/\/web.whatsapp.com\/send?phone=5511945287767&amp;text=Ol%C3%A1!%20Em%20que%20podemos%20ajud%C3%A1-lo?\" target=\"_blank\"><img loading=\"lazy\" decoding=\"async\" width=\"30\" height=\"30\" class=\"wp-image-255\" style=\"width: 30px;\" src=\"http:\/\/nipponautocenter.com.br\/wp-content\/uploads\/2019\/09\/whats.gif\" alt=\"\"><\/a><strong> <a href=\"https:\/\/api.whatsapp.com\/send?1=pt_BR&amp;phone=5511945287767\">(11) 94528-7767<\/a><\/strong><\/h4>\n\n\n\n<p style=\"text-align:left\"><img loading=\"lazy\" decoding=\"async\" width=\"40\" height=\"40\" class=\"wp-image-264\" style=\"width: 40px;\" src=\"http:\/\/nipponautocenter.com.br\/wp-content\/uploads\/2019\/09\/email.gif\" alt=\"\"><a href=\"mailto:autocenternippon@gmail.com\">autocenternippon@gmail.com<\/a><\/p>\n\n\n\n<p>ou preencha o formul\u00e1rio ao lado e assim que poss\u00edvel responderemos!<\/p>\n<\/div>\n\n\n\n<div class=\"wp-block-column is-layout-flow wp-block-column-is-layout-flow\">\n<h4 class=\"wp-block-heading\">Formul\u00e1rio de contato<\/h4>\n\n\n\n<div class=\"wpcf7 no-js\" id=\"wpcf7-f250-o1\" lang=\"pt-BR\" dir=\"ltr\" data-wpcf7-id=\"250\">\n<div class=\"screen-reader-response\"><p role=\"status\" aria-live=\"polite\" aria-atomic=\"true\"><\/p> <ul><\/ul><\/div>\n<form action=\"\/index.php\/wp-json\/wp\/v2\/pages\/14#wpcf7-f250-o1\" method=\"post\" class=\"wpcf7-form init\" aria-label=\"Formul\u00e1rios de contato\" novalidate=\"novalidate\" data-status=\"init\">\n<fieldset class=\"hidden-fields-container\"><input type=\"hidden\" name=\"_wpcf7\" value=\"250\" \/><input type=\"hidden\" name=\"_wpcf7_version\" value=\"6.1.4\" \/><input type=\"hidden\" name=\"_wpcf7_locale\" value=\"pt_BR\" \/><input type=\"hidden\" name=\"_wpcf7_unit_tag\" value=\"wpcf7-f250-o1\" \/><input type=\"hidden\" name=\"_wpcf7_container_post\" value=\"0\" \/><input type=\"hidden\" name=\"_wpcf7_posted_data_hash\" value=\"\" \/>\n<\/fieldset>\n<p><label> Seu nome (obrigat\u00f3rio)<br \/>\n<span class=\"wpcf7-form-control-wrap\" data-name=\"your-name\"><input size=\"40\" maxlength=\"400\" class=\"wpcf7-form-control wpcf7-text wpcf7-validates-as-required\" aria-required=\"true\" aria-invalid=\"false\" value=\"\" type=\"text\" name=\"your-name\" \/><\/span> <\/label><br \/>\n<label> Seu e-mail (obrigat\u00f3rio)<br \/>\n<span class=\"wpcf7-form-control-wrap\" data-name=\"your-email\"><input size=\"40\" maxlength=\"400\" class=\"wpcf7-form-control wpcf7-email wpcf7-validates-as-required wpcf7-text wpcf7-validates-as-email\" aria-required=\"true\" aria-invalid=\"false\" value=\"\" type=\"email\" name=\"your-email\" \/><\/span> <\/label><br \/>\n<label> Telefone (obrigat\u00f3rio)<br \/>\n<span class=\"wpcf7-form-control-wrap\" data-name=\"tel-676\"><input size=\"40\" maxlength=\"400\" class=\"wpcf7-form-control wpcf7-tel wpcf7-validates-as-required wpcf7-text wpcf7-validates-as-tel\" aria-required=\"true\" aria-invalid=\"false\" value=\"\" type=\"tel\" name=\"tel-676\" \/><\/span> <\/label><br \/>\n<label> Sua mensagem<br \/>\n<span class=\"wpcf7-form-control-wrap\" data-name=\"your-message\"><textarea cols=\"40\" rows=\"10\" maxlength=\"2000\" class=\"wpcf7-form-control wpcf7-textarea\" aria-invalid=\"false\" name=\"your-message\"><\/textarea><\/span> <\/label><br \/>\n<input class=\"wpcf7-form-control wpcf7-submit has-spinner\" type=\"submit\" value=\"Enviar\" \/>\n<\/p><div class=\"wpcf7-response-output\" aria-hidden=\"true\"><\/div>\n<\/form>\n<\/div>\n\n\n\n\n<p><\/p>\n<\/div>\n<\/div>\n\n\n\n<h3 class=\"wp-block-heading\"> Localiza\u00e7\u00e3o<\/h3>\n\n\n\n<p style=\"text-align:left\">Av. Encarna\u00e7\u00e3o, 153 &#8211; Piraporinha, Diadema &#8211; SP <\/p>\n\n\n\n<figure><iframe loading=\"lazy\" src=\"https:\/\/www.google.com\/maps\/embed?pb=!1m18!1m12!1m3!1d3653.548332743106!2d-46.59066698501984!3d-23.692105084618177!2m3!1f0!2f0!3f0!3m2!1i1024!2i768!4f13.1!3m3!1m2!1s0x94ce4385d5e4d1a3%3A0x7e17630b19602d0f!2sAv.%20Encarna%C3%A7%C3%A3o%2C%20153%20-%20Piraporinha%2C%20Diadema%20-%20SP%2C%2009960-020!5e0!3m2!1spt-BR!2sbr!4v1568138866000!5m2!1spt-BR!2sbr\" width=\"800\" height=\"600\" allowfullscreen=\"\"><\/iframe><\/figure>\n","protected":false},"excerpt":{"rendered":"<p>Ligue para: (11) 4067-7862 \/ (11) 94528-7767 (11) 94528-7767 autocenternippon@gmail.com ou preencha o formul\u00e1rio ao lado e assim que poss\u00edvel responderemos! Formul\u00e1rio de contato Localiza\u00e7\u00e3o Av. Encarna\u00e7\u00e3o, 153 &#8211; Piraporinha, Diadema &#8211; SP<\/p>\n","protected":false},"author":1,"featured_media":0,"parent":0,"menu_order":0,"comment_status":"closed","ping_status":"closed","template":"","meta":{"footnotes":""},"class_list":["post-14","page","type-page","status-publish","hentry"],"aioseo_notices":[],"_links":{"self":[{"href":"https:\/\/nipponautocenter.com.br\/index.php\/wp-json\/wp\/v2\/pages\/14","targetHints":{"allow":["GET"]}}],"collection":[{"href":"https:\/\/nipponautocenter.com.br\/index.php\/wp-json\/wp\/v2\/pages"}],"about":[{"href":"https:\/\/nipponautocenter.com.br\/index.php\/wp-json\/wp\/v2\/types\/page"}],"author":[{"embeddable":true,"href":"https:\/\/nipponautocenter.com.br\/index.php\/wp-json\/wp\/v2\/users\/1"}],"replies":[{"embeddable":true,"href":"https:\/\/nipponautocenter.com.br\/index.php\/wp-json\/wp\/v2\/comments?post=14"}],"version-history":[{"count":27,"href":"https:\/\/nipponautocenter.com.br\/index.php\/wp-json\/wp\/v2\/pages\/14\/revisions"}],"predecessor-version":[{"id":806,"href":"https:\/\/nipponautocenter.com.br\/index.php\/wp-json\/wp\/v2\/pages\/14\/revisions\/806"}],"wp:attachment":[{"href":"https:\/\/nipponautocenter.com.br\/index.php\/wp-json\/wp\/v2\/media?parent=14"}],"curies":[{"name":"wp","href":"https:\/\/api.w.org\/{rel}","templated":true}]}}